{"id":2,"date":"2023-10-05T20:54:23","date_gmt":"2023-10-05T20:54:23","guid":{"rendered":"http:\/\/129.159.60.146\/?page_id=2"},"modified":"2023-10-07T15:27:46","modified_gmt":"2023-10-07T18:27:46","slug":"sample-page","status":"publish","type":"page","link":"https:\/\/www.conectado.duckdns.org\/?page_id=2","title":{"rendered":"Quem sou eu"},"content":{"rendered":"\n<p>Me chamo Thiago. <\/p>\n\n\n\n<p><br>A id\u00e9ia aqui \u00e9 postar coisas que eu gosto relacionadas a internet das coisas, automa\u00e7\u00e3o residencial,  programa\u00e7\u00e3o, monitoramento remoto de equipamentos, eletr\u00f4nica&#8230;<\/p>\n\n\n\n<p>Meu e-mail ativo para contato \u00e9:<br>thiagoggogleari@gmail.com<\/p>\n\n\n\n<figure class=\"wp-block-gallery has-nested-images columns-default is-cropped wp-block-gallery-1 is-layout-flex wp-block-gallery-is-layout-flex\">\n<figure class=\"wp-block-image size-large is-resized\"><img decoding=\"async\" data-id=\"30\" src=\"http:\/\/129.159.60.146\/wp-content\/uploads\/2023\/10\/foto_perfil-1-768x1024.jpeg\" alt=\"\" class=\"wp-image-30\" style=\"width:400px\" width=\"400\" srcset=\"https:\/\/www.conectado.duckdns.org\/wp-content\/uploads\/2023\/10\/foto_perfil-1-768x1024.jpeg 768w, https:\/\/www.conectado.duckdns.org\/wp-content\/uploads\/2023\/10\/foto_perfil-1-225x300.jpeg 225w, https:\/\/www.conectado.duckdns.org\/wp-content\/uploads\/2023\/10\/foto_perfil-1.jpeg 972w\" sizes=\"(max-width: 768px) 100vw, 768px\" \/><\/figure>\n<\/figure>\n","protected":false},"excerpt":{"rendered":"<p>Me chamo Thiago. A id\u00e9ia aqui \u00e9 postar coisas que eu gosto relacionadas a internet&#8230;<\/p>\n","protected":false},"author":1,"featured_media":0,"parent":0,"menu_order":0,"comment_status":"closed","ping_status":"open","template":"","meta":{"footnotes":""},"class_list":["post-2","page","type-page","status-publish","hentry"],"_links":{"self":[{"href":"https:\/\/www.conectado.duckdns.org\/index.php?rest_route=\/wp\/v2\/pages\/2","targetHints":{"allow":["GET"]}}],"collection":[{"href":"https:\/\/www.conectado.duckdns.org\/index.php?rest_route=\/wp\/v2\/pages"}],"about":[{"href":"https:\/\/www.conectado.duckdns.org\/index.php?rest_route=\/wp\/v2\/types\/page"}],"author":[{"embeddable":true,"href":"https:\/\/www.conectado.duckdns.org\/index.php?rest_route=\/wp\/v2\/users\/1"}],"replies":[{"embeddable":true,"href":"https:\/\/www.conectado.duckdns.org\/index.php?rest_route=%2Fwp%2Fv2%2Fcomments&post=2"}],"version-history":[{"count":3,"href":"https:\/\/www.conectado.duckdns.org\/index.php?rest_route=\/wp\/v2\/pages\/2\/revisions"}],"predecessor-version":[{"id":67,"href":"https:\/\/www.conectado.duckdns.org\/index.php?rest_route=\/wp\/v2\/pages\/2\/revisions\/67"}],"wp:attachment":[{"href":"https:\/\/www.conectado.duckdns.org\/index.php?rest_route=%2Fwp%2Fv2%2Fmedia&parent=2"}],"curies":[{"name":"wp","href":"https:\/\/api.w.org\/{rel}","templated":true}]}}